{"id":114,"date":"2022-04-27T22:20:58","date_gmt":"2022-04-27T22:20:58","guid":{"rendered":"https:\/\/kec.ufm.edu\/desafiobi\/?page_id=114"},"modified":"2022-04-27T22:20:58","modified_gmt":"2022-04-27T22:20:58","slug":"conoce-a-los-finalistas","status":"publish","type":"page","link":"https:\/\/kec.ufm.edu\/desafiobi\/index.php\/conoce-a-los-finalistas\/","title":{"rendered":"Conoce a los finalistas"},"content":{"rendered":"\n<p><\/p>\n\n\n\n<figure class=\"wp-block-image size-large\"><img loading=\"lazy\" decoding=\"async\" width=\"1024\" height=\"266\" src=\"https:\/\/kec.ufm.edu\/desafiobi\/wp-content\/uploads\/2022\/04\/Personal-Brand-07-e1651097552471-1024x266.png\" alt=\"\" class=\"wp-image-115\" srcset=\"https:\/\/kec.ufm.edu\/desafiobi\/wp-content\/uploads\/2022\/04\/Personal-Brand-07-e1651097552471-1024x266.png 1024w, https:\/\/kec.ufm.edu\/desafiobi\/wp-content\/uploads\/2022\/04\/Personal-Brand-07-e1651097552471-300x78.png 300w, https:\/\/kec.ufm.edu\/desafiobi\/wp-content\/uploads\/2022\/04\/Personal-Brand-07-e1651097552471-768x200.png 768w, https:\/\/kec.ufm.edu\/desafiobi\/wp-content\/uploads\/2022\/04\/Personal-Brand-07-e1651097552471-1536x399.png 1536w, https:\/\/kec.ufm.edu\/desafiobi\/wp-content\/uploads\/2022\/04\/Personal-Brand-07-e1651097552471-2048x532.png 2048w\" sizes=\"auto, (max-width: 1024px) 100vw, 1024px\" \/><\/figure>\n\n\n\n<div class=\"wp-block-image\"><figure class=\"aligncenter size-large is-resized\"><img loading=\"lazy\" decoding=\"async\" src=\"https:\/\/kec.ufm.edu\/desafiobi\/wp-content\/uploads\/2022\/04\/Personal-Brand-04-1024x330.png\" alt=\"\" class=\"wp-image-116\" width=\"481\" height=\"154\" srcset=\"https:\/\/kec.ufm.edu\/desafiobi\/wp-content\/uploads\/2022\/04\/Personal-Brand-04-1024x330.png 1024w, https:\/\/kec.ufm.edu\/desafiobi\/wp-content\/uploads\/2022\/04\/Personal-Brand-04-300x97.png 300w, https:\/\/kec.ufm.edu\/desafiobi\/wp-content\/uploads\/2022\/04\/Personal-Brand-04-768x247.png 768w, https:\/\/kec.ufm.edu\/desafiobi\/wp-content\/uploads\/2022\/04\/Personal-Brand-04-1536x495.png 1536w, https:\/\/kec.ufm.edu\/desafiobi\/wp-content\/uploads\/2022\/04\/Personal-Brand-04-2048x660.png 2048w\" sizes=\"auto, (max-width: 481px) 100vw, 481px\" \/><\/figure><\/div>\n\n\n\n<figure class=\"wp-block-video\"><video height=\"1080\" style=\"aspect-ratio: 1920 \/ 1080;\" width=\"1920\" controls src=\"https:\/\/kec.ufm.edu\/desafiobi\/wp-content\/uploads\/2022\/04\/01-Ideas-y-nuevos-negocios-Menos-de-3-anos-ALIMENTOS-Y-GASTRONOMIA.mp4\"><\/video><\/figure>\n\n\n\n<p><strong>Idea menos de 3 a\u00f1os<\/strong><\/p>\n\n\n\n<figure class=\"wp-block-video\"><video height=\"1080\" style=\"aspect-ratio: 1920 \/ 1080;\" width=\"1920\" controls src=\"https:\/\/kec.ufm.edu\/desafiobi\/wp-content\/uploads\/2022\/04\/02-Ideas-y-nuevos-negocios-3-o-mas-anos-ALIMENTOS-Y-GASTRONOMIA.mp4\"><\/video><\/figure>\n\n\n\n<p><strong>Idea de 3 o m\u00e1s a\u00f1os<\/strong><\/p>\n\n\n\n<div class=\"wp-block-image\"><figure class=\"aligncenter size-large is-resized\"><img loading=\"lazy\" decoding=\"async\" src=\"https:\/\/kec.ufm.edu\/desafiobi\/wp-content\/uploads\/2022\/04\/Personal-Brand-05-1024x330.png\" alt=\"\" class=\"wp-image-118\" width=\"507\" height=\"161\"\/><\/figure><\/div>\n\n\n\n<figure class=\"wp-block-video\"><video height=\"1080\" style=\"aspect-ratio: 1920 \/ 1080;\" width=\"1920\" controls src=\"https:\/\/kec.ufm.edu\/desafiobi\/wp-content\/uploads\/2022\/04\/03-Ideas-y-nuevos-negocios-menos-de-3-anos-TURISMO.mp4\"><\/video><\/figure>\n\n\n\n<p><strong>Idea menos de 3 a\u00f1os<\/strong><\/p>\n\n\n\n<figure class=\"wp-block-video\"><video height=\"1080\" style=\"aspect-ratio: 1920 \/ 1080;\" width=\"1920\" controls src=\"https:\/\/kec.ufm.edu\/desafiobi\/wp-content\/uploads\/2022\/04\/04-Negocios-Establecidos-3-o-mas-anos-ALIMENTOS-Y-GASTRONOMIA.mp4\"><\/video><\/figure>\n\n\n\n<p><strong>Idea de 3 o m\u00e1s a\u00f1os<\/strong><\/p>\n\n\n\n<div class=\"wp-block-image\"><figure class=\"aligncenter size-large is-resized\"><img loading=\"lazy\" decoding=\"async\" src=\"https:\/\/kec.ufm.edu\/desafiobi\/wp-content\/uploads\/2022\/04\/Personal-Brand-06-1024x330.png\" alt=\"\" class=\"wp-image-121\" width=\"491\" height=\"157\" srcset=\"https:\/\/kec.ufm.edu\/desafiobi\/wp-content\/uploads\/2022\/04\/Personal-Brand-06-1024x330.png 1024w, https:\/\/kec.ufm.edu\/desafiobi\/wp-content\/uploads\/2022\/04\/Personal-Brand-06-300x97.png 300w, https:\/\/kec.ufm.edu\/desafiobi\/wp-content\/uploads\/2022\/04\/Personal-Brand-06-768x247.png 768w, https:\/\/kec.ufm.edu\/desafiobi\/wp-content\/uploads\/2022\/04\/Personal-Brand-06-1536x495.png 1536w, https:\/\/kec.ufm.edu\/desafiobi\/wp-content\/uploads\/2022\/04\/Personal-Brand-06-2048x660.png 2048w\" sizes=\"auto, (max-width: 491px) 100vw, 491px\" \/><\/figure><\/div>\n\n\n\n<figure class=\"wp-block-video\"><video height=\"1080\" style=\"aspect-ratio: 1920 \/ 1080;\" width=\"1920\" controls src=\"https:\/\/kec.ufm.edu\/desafiobi\/wp-content\/uploads\/2022\/04\/05-Ideas-y-nuevos-negocios-menos-de-3-anos-INNOVACION.mp4\"><\/video><\/figure>\n\n\n\n<p><strong>Idea menos de 3 a\u00f1os<\/strong><\/p>\n","protected":false},"excerpt":{"rendered":"<p>Idea menos de 3 a\u00f1os Idea de 3 o m\u00e1s a\u00f1os Idea menos de 3 a\u00f1os Idea de 3 o m\u00e1s a\u00f1os Idea menos de 3 a\u00f1os<\/p>\n","protected":false},"author":2,"featured_media":0,"parent":0,"menu_order":0,"comment_status":"closed","ping_status":"closed","template":"","meta":{"footnotes":""},"class_list":["post-114","page","type-page","status-publish","hentry"],"_links":{"self":[{"href":"https:\/\/kec.ufm.edu\/desafiobi\/index.php\/wp-json\/wp\/v2\/pages\/114","targetHints":{"allow":["GET"]}}],"collection":[{"href":"https:\/\/kec.ufm.edu\/desafiobi\/index.php\/wp-json\/wp\/v2\/pages"}],"about":[{"href":"https:\/\/kec.ufm.edu\/desafiobi\/index.php\/wp-json\/wp\/v2\/types\/page"}],"author":[{"embeddable":true,"href":"https:\/\/kec.ufm.edu\/desafiobi\/index.php\/wp-json\/wp\/v2\/users\/2"}],"replies":[{"embeddable":true,"href":"https:\/\/kec.ufm.edu\/desafiobi\/index.php\/wp-json\/wp\/v2\/comments?post=114"}],"version-history":[{"count":1,"href":"https:\/\/kec.ufm.edu\/desafiobi\/index.php\/wp-json\/wp\/v2\/pages\/114\/revisions"}],"predecessor-version":[{"id":124,"href":"https:\/\/kec.ufm.edu\/desafiobi\/index.php\/wp-json\/wp\/v2\/pages\/114\/revisions\/124"}],"wp:attachment":[{"href":"https:\/\/kec.ufm.edu\/desafiobi\/index.php\/wp-json\/wp\/v2\/media?parent=114"}],"curies":[{"name":"wp","href":"https:\/\/api.w.org\/{rel}","templated":true}]}}